 = z + 208. Is j prime?
True
Suppose 0 = -46*z + 373175 + 174087. Is z a prime number?
True
Suppose -y = -20*y + 9899. Is y a composite number?
False
Let s(k) = 10*k**2 - 9*k - 20. Suppose 0 = 3*v - l + 4 - 3, 0 = 4*v - 5*l + 16. Let n(b) = -b**2 + 1. Let u(c) = v*s(c) + 3*n(c). Is u(-9) a composite number?
False
Let k(a) = 720*a**2 - 7*a + 6. Is k(1) a prime number?
True
Suppose 23 + 25 = -4*b. Is (-5958)/b + 2/4 a composite number?
True
Is (-420)/(-1) - (-2 - (-12)/4) prime?
True
Suppose -4*q = 4*t - 23304, -5*q = 2*t - 13740 + 2082. Let u = 2456 - 1054. Suppose -t = -6*r - u. Is r prime?
False
Let a(q) = -652*q - 5. Is a(-1) a composite number?
False
Let n = 38 + -31. Let z = 5 + n. Is z + -3 - (0 + 2) prime?
True
Let s(z) = z**3 - 7*z**2 + 4*z + 9. Suppose -8*g + 60 = -4*g. Let f = 22 - g. Is s(f) a prime number?
True
Let z = -40186 - -56779. Is z a prime number?
False
Let u(v) = 6 - 9*v - 2*v**3 - 2*v**3 + 4 + 3*v**3 + 9*v**2. Let y be u(8). Is y/(-1)*83/(-2) prime?
True
Let j be 0 + 53168/6 + 2/3. Is (2/4)/((9/j)/3) composite?
True
Let a(r) = 860*r**3 - 3*r**2 + 4*r - 2. Let j be a(1). Let h = j + 492. Is h a prime number?
False
Let q(z) = 725*z**2 - 11*z - 37. Is q(-3) prime?
True
Let m(l) = 204*l**3 - l**2 - 3*l + 6. Let v(p) = 409*p**3 - 2*p**2 - 5*p + 11. Let j(t) = 5*m(t) - 3*v(t). Is j(-2) a composite number?
False
Suppose 0 = -4*l + 5*c + 1922, -4*l + 1447 = -l - c. Is l - (4 + 3 - 3) a composite number?
False
Suppose -d - 125 = 3*l - 5*l, 4*l - 4*d = 256. Suppose -57*f = -l*f + 356. Is f a prime number?
True
Is (-1 + -2720)/((-558)/183 + 3) a prime number?
False
Let w = -9215 - -46642. Is w a prime number?
False
Let n(g) = 3*g + 17. Let y be n(-7). Let b be (-8590)/(-8) + (-2)/(-8). Is ((-2)/3)/(y/b) a composite number?
False
Let k(g) = 0*g**3 + g - 7*g**2 + g**3 - 4*g + 6*g + 11. Let q be k(4). Let i = 120 - q. Is i a prime number?
False
Suppose 15*y - 387 = 12*y - 2*f, 245 = 2*y - 3*f. Let p = -1262 + 2628. Suppose y = -3*j + p. Is j a composite number?
True
Suppose -212387 = -228*z + 221*z. Is z a composite number?
False
Suppose h - 3*h + 19186 = -4*w, 2*h - 3*w = 19183. Is h a prime number?
True
Let p be 6 + (5 - (-4 - -7)). Is -1018*(-20)/p*1 prime?
False
Suppose 22019 = 4*y + 3783. Is y prime?
False
Suppose 198 - 72 = 42*j. Let v(g) = -2*g - 6. Let u(l) = 3*l + 12. Let c(x) = -6*u(x) - 11*v(x). Is c(j) a prime number?
False
Suppose -4904 = 5*g + 5*l - 34384, -4*g + 23589 = -l. Is g a composite number?
False
Is (12/18)/((-9)/(-491697)) prime?
False
Suppose 71*a = 1080939 - 125918. Is a composite?
False
Let o = 33 - -16. Let c = 204 + o. Is c composite?
True
Let q = 24 - 26. Let l(f) be the first derivative of -f**4 - f**3/3 + 2*f**2 + 3*f + 2. Is l(q) a prime number?
True
Let r(u) = -4*u**3 - 7*u**2 - 2*u + 1. Let c(s) = -7*s**3 - 15*s**2 - 3*s + 2. Let g(o) = -3*c(o) + 5*r(o). Let v be (1 + 0 + 2)*-3. Is g(v) composite?
False
Suppose -6*t + 3*t = -33. Is 1 + t/(44/552) a prime number?
True
Suppose 4*m - o + 73 = -48, 4*m + 3*o = -133. Let a be (-13)/(m/32 + 1). Let r = a + 1029. Is r a prime number?
True
Suppose 4*k - 5*q = 41, 3*k - 5*q = -0*q + 37. Suppose 17*c = 14*c + 5*t + 891, 5*c - t - 1485 = 0. Suppose 0 = -s + 4*m + c, m = -4*s - k*m + 1167. Is s prime?
True
Suppose 0*v = -v - 2*j - 11, 4*v - 2*j + 24 = 0. Let d be 2*131*(-4 - -5). Is (-6 - v)*d/2 composite?
False
Is ((-3)/9 + (-27102)/72)*-4 composite?
True
Suppose -4*q + 2 = -10. Let b be 13/(-1) + 3 + 7. Is 263/(q/b*-1) composite?
False
Let f be (-29)/2*2 + 2. Suppose -4*g + 636 = -3*k, 5*k = -4*g - 0*k + 604. Let m = f + g. Is m a composite number?
True
Let m = -9999 + 14747. Suppose 0 = -3*f + 24*i - 29*i + 32, 4*f - 8 = 2*i. Suppose f*z = 4680 + m. Is z a prime number?
True
Let k = -2 + 7. Suppose k*g = 20, -2*a - 3*a = g - 584. Suppose 2*b - a = 606. Is b composite?
True
Let c be 6/(-2) - 12/(-4). Suppose c = -4*l + 6 + 6. Suppose 4*v + 2*x - 5*x = 667, 501 = l*v - 2*x. Is v composite?
True
Let w = -5924 - -10015. Is w a composite number?
False
Let z(o) = -7*o - 53. Let l be z(-8). Is 755/l - -3*6/(-27) a composite number?
False
Let z = 21753 + 2226. Is z prime?
False
Let w(p) = -3*p + 12. Let l be w(5). Let a = 26 + l. Is a composite?
False
Let i(j) = 3*j + 0*j - 7 - 2*j + 232*j**2 + 0*j. Is i(2) a composite number?
True
Let h(t) = -13*t**2 - 2*t + 14. Let l be h(5). Let j be 2278/4 + 3/6. Let s = l + j. Is s a composite number?
True
Suppose 1222 = 20*t - 18*t. Suppose -54 = h - t. Is h prime?
True
Suppose 0 = 5*p + z - 183606, -5*z - 35261 - 1455 = -p. Is p a prime number?
True
Suppose 0 = 34*f - 31*f - 13119. Is f a prime number?
True
Is (-8 - -4)/(-2) - (-18717)/3 a composite number?
True
Let p be 3/4 + 45/36. Suppose 0 = -p*j + 1415 + 179. Is j a composite number?
False
Suppose 2*y - y - 328 = -2*w, 0 = -3*w + 4*y + 481. Suppose 0*u - u + w = 0. Is u composite?
False
Let l(q) = 15*q + 4. Let f be 7 - (0/3 - -3). Let z be l(f). Let h = z - 30. Is h a prime number?
False
Suppose -b + 3*i + 12 = 0, -4*i = 5*b - i - 24. Let v(f) be the first derivative of 7*f**2/2 - 9*f - 3. Is v(b) prime?
False
Let c = -1432 - -3167. Is c prime?
False
Let d(a) = -71*a**3 - 3*a - 2*a**2 + 2*a - 261*a**3. Let i be (2*1)/((-34)/(-51)*-3). Is d(i) prime?
True
Suppose 0 = c + 2*v - 10293, -c = 10*v - 14*v - 10317. Is c composite?
False
Let d be 3 + -6 + 11 + (1 - 0). Is (-2)/d + (291320/45)/8 a prime number?
True
Let x be (86/(-4))/(1/2). Let s = 14 + x. Is 2*s*(-15)/6 prime?
False
Is -139*((-1)/2)/(9/18) a composite number?
False
Suppose -8*h + 31110 = -5554. Is h a prime number?
True
Let i = 9707 - 700. Is i prime?
True
Suppose -4 = -2*n + 2. Suppose -4*b = -5*r + 2249, 0*r - n*r - 3*b + 1344 = 0. Is r a prime number?
True
Suppose 0 = w + n - 6531, -w + 2*n + 3035 = -3490. Is w composite?
False
Suppose -7713 - 1854 = -3*j. Is j composite?
True
Let f = 114 + -109. Suppose -3*k = f*p - 4973, 0 = -k + p + 3*p + 1635. Is k composite?
True
Let h(g) = g + 9. Let p be h(-6). Suppose -p*x = -30 + 21. Suppose d + t + 34 = 160, -4*d + 469 = -x*t. Is d prime?
False
Suppose a - 98 = 129. Suppose -d + a = -3*s, -2*s = d + 2*d - 670. Let k = 1011 - d. Is k a composite number?
False
Let i(q) = -90*q**3 - 3*q - 7. Is i(-2) prime?
True
Suppose -v + 4*p + 1161 + 100 = 0, 4*v + 4*p - 4984 = 0. Is v a composite number?
False
Let f = 3103 - 942. Is f a composite number?
False
Suppose -w + 2*h + 5174 = 0, w + h - 4564 = 622. Is w a composite number?
True
Let o be (-9117)/36 + (2 - 22/8). Let b(q) = -q**2 + 2*q + 3. Let p be b(3). Is p - o*5/10 a prime number?
True
Let z be 4 + -1 + 52002/(4 + -1). Suppose 0 = -8*g + 5*g + z. Is g composite?
False
Is (16/(-4) - -2) + 2293 composite?
True
Let b be 630/25*14*5. Let s = 2193 + b. Is s prime?
False
Let f = 48 - 53. Let z(u) = -27*u - 7 + 4*u + 1. Is z(f) a composite number?
False
Let w(n) = -31*n - 3. Let k be w(3). Suppose 16*a = 3*a + 2314. Let j = a + k. Is j composite?
True
Let d(i) = -5157*i - 443. Is d(-12) composite?
False
Suppose -w - 5 = 2*v, -5*v + 0*v = 3*w + 15. Suppose -2*y + 4*y - 1266 = v. Is y prime?
False
Let x = 723 + 17912. Is x prime?
False
Let b be (0 + 7/3)*-45. Let u = 189 + b. Let c = u + 65. Is c a prime number?
True
Let a = 49 + -50. Is 4/12 - (2014/(-6) - a) prime?
False
Let v(w) = w + 330. Let a be v(0). Suppose -n + 2*n = a. Let k = n + -181. Is k a composite number?
False
Suppose 4*j - 4*z = j, j = -z + 7. Suppose -t - 2*t - 2*t + g = 0, -4*g = 0. Is (52 - t)*61/j composite?
True
Let l = 43 + -1. Let t = l - -101. Is t a composite number?
True
Let m(f) = f**2 + 16*f + 18. Let j be m(-15). Suppose 55 = 5*s + 5*h, -4*h - 17 = -4*s + j. Suppose -12*p + 328 = -s*p. Is p a prime number?
False
Suppose 2*s = -8, -4*z - 2*s - 320 + 1088 = 0. Is z a prime number?
False
Let g = 79 + 1799. Let n = g - 959. Is n composite?
False
Suppose i + 3*i + 3*j = 2549, 12 = 4*j. Suppose 9*o + i = 10*o. Is o prime?
False
Let o be (-36)/(-27)*(-258)/(-4). Let u = 124 - o. Is u a composite number?
True
Let w(k) be the third derivative of 1/6*k**4 + 1/60*k**5 - 4*k**2 - 4/3*k**3 + 0 + 0*k. Is w(-7) composite?
False
Let u(y) = -3*y - 9. Suppose 0 = -c - m - 13, -4*c + 2*m + 2*m = 12. Is u(c) a composite number?
True
Suppose -3*x = -4*j - 12140 -